{"id":996,"date":"2025-07-30T13:56:05","date_gmt":"2025-07-30T18:56:05","guid":{"rendered":"https:\/\/mcstorecol.com\/?post_type=product&#038;p=996"},"modified":"2025-07-30T13:56:05","modified_gmt":"2025-07-30T18:56:05","slug":"botella-portatil-con-bebedero-para-mascotas","status":"publish","type":"product","link":"https:\/\/mcstorecol.com\/?product=botella-portatil-con-bebedero-para-mascotas","title":{"rendered":"Botella port\u00e1til con bebedero para mascotas"},"content":{"rendered":"<p>Su dise\u00f1o ergon\u00f3mico permite servir agua f\u00e1cilmente en la boquilla tipo plato, evitando derrames y facilitando que tu mascota beba c\u00f3modamente. Fabricada con materiales resistentes y disponible en varios colores. \u00a1Ll\u00e9vala contigo a donde vayas y cuida la salud de tu peludo amigo!<\/p>\n","protected":false},"excerpt":{"rendered":"<p>\u00a1Haz los paseos de tu mascota mucho m\u00e1s pr\u00e1cticos! Nuestra botella port\u00e1til con bebedero incorporado es ideal para mantener a tu perro siempre hidratado cuando salen de paseo, viaje o excursi\u00f3n<\/p>\n","protected":false},"featured_media":998,"template":"","meta":[],"product_brand":[510],"product_cat":[330],"product_tag":[623,607,615,624,614,621,619,625,613,618,626,620,617,622,616],"class_list":{"0":"post-996","1":"product","2":"type-product","3":"status-publish","4":"has-post-thumbnail","6":"product_brand-mc-store","7":"product_cat-mascotas","8":"product_tag-accesorios-de-viaje","9":"product_tag-accesorios-para-mascotas","10":"product_tag-agua-para-perros","11":"product_tag-bebedero-compacto","12":"product_tag-bebedero-portatil","13":"product_tag-bebedero-practico","14":"product_tag-botella-agua-mascotas","15":"product_tag-botella-colorida","16":"product_tag-botella-para-perros","17":"product_tag-botella-viaje-perro","18":"product_tag-mascotas-felices","19":"product_tag-paseo-con-perros","20":"product_tag-perros-hidratados","21":"product_tag-productos-para-perros","22":"product_tag-viajes-con-mascotas","24":"first","25":"instock","26":"shipping-taxable","27":"purchasable","28":"product-type-simple"},"_links":{"self":[{"href":"https:\/\/mcstorecol.com\/index.php?rest_route=\/wp\/v2\/product\/996","targetHints":{"allow":["GET"]}}],"collection":[{"href":"https:\/\/mcstorecol.com\/index.php?rest_route=\/wp\/v2\/product"}],"about":[{"href":"https:\/\/mcstorecol.com\/index.php?rest_route=\/wp\/v2\/types\/product"}],"wp:featuredmedia":[{"embeddable":true,"href":"https:\/\/mcstorecol.com\/index.php?rest_route=\/wp\/v2\/media\/998"}],"wp:attachment":[{"href":"https:\/\/mcstorecol.com\/index.php?rest_route=%2Fwp%2Fv2%2Fmedia&parent=996"}],"wp:term":[{"taxonomy":"product_brand","embeddable":true,"href":"https:\/\/mcstorecol.com\/index.php?rest_route=%2Fwp%2Fv2%2Fproduct_brand&post=996"},{"taxonomy":"product_cat","embeddable":true,"href":"https:\/\/mcstorecol.com\/index.php?rest_route=%2Fwp%2Fv2%2Fproduct_cat&post=996"},{"taxonomy":"product_tag","embeddable":true,"href":"https:\/\/mcstorecol.com\/index.php?rest_route=%2Fwp%2Fv2%2Fproduct_tag&post=996"}],"curies":[{"name":"wp","href":"https:\/\/api.w.org\/{rel}","templated":true}]}}